= -u**3 - 164*u**2 - 41*u - 6721. What is v(-164)?
3
Let o(s) = s**3 + 27*s**2 + 9*s + 137. What is o(-27)?
-106
Let n(i) = 48*i - 2240. Determine n(46).
-32
Let j(k) = -k**2 + 84*k - 1722. What is j(35)?
-7
Let p(z) = -z**3 + 1897*z**2 + 30609*z + 25. Determine p(-16).
9
Let m(d) = -15*d**2 - 2846*d + 772. Determine m(-190).
12
Let z(w) = w**3 - 99*w**2 + 1450*w + 146. What is z(18)?
2
Let x(r) = -27*r + 34. Give x(3).
-47
Let o(l) = 36*l - 391. Calculate o(12).
41
Let w(n) = 2*n**3 + 17*n**2 + 27*n - 5. Give w(-8).
-157
Let b(v) = -2*v**3 + 4*v**2 + 11*v - 14. What is b(1)?
-1
Let c(u) = -2*u**3 - 4*u**2 + 4*u - 15. What is c(-5)?
115
Let o(t) = -41*t + 435. Give o(10).
25
Let o(n) = 69*n - 3936. Give o(57).
-3
Let l(q) = -q**2 + 44*q - 52. Calculate l(35).
263
Let d(p) = -8*p + 134. Give d(-25).
334
Let r(q) = -q**2 - 9*q - 13. Determine r(-5).
7
Let p(d) = -d**3 + 62*d**2 - 275*d - 560. Give p(57).
10
Let s(p) = -36*p**3 + 151*p**2 - 3*p + 2. Give s(4).
102
Let z(j) = -4*j**3 + 10*j**2 + 20*j + 3. What is z(-2)?
35
Let i(o) = -2*o**2 - 1786*o + 34662. What is i(19)?
6
Let f(p) = 3*p**2 + 27*p - 12. Give f(-7).
-54
Let b(t) = t**2 - 28*t - 298. What is b(36)?
-10
Let a(q) = q**2 + 2398*q + 4790. Determine a(-2).
-2
Let n(u) = -698*u - 16046. What is n(-23)?
8
Let i(p) = p**3 + 15*p**2 - 19*p - 13. What is i(-16)?
35
Let s(k) = 35*k - 1995. Give s(59).
70
Let s(h) = h**3 + 23*h**2 + 165*h + 2591. Calculate s(-21).
8
Let c(h) = -8*h**2 - 6*h + 7. Calculate c(-3).
-47
Let x(q) = -70*q + 465. What is x(7)?
-25
Let g(v) = -v**3 + 3*v**2 - 28*v + 19. What is g(7)?
-373
Let d(t) = -47*t + 299. Calculate d(23).
-782
Let l(t) = -250*t + 759. Give l(4).
-241
Let t(b) = -405*b - 3212. Determine t(-8).
28
Let l(n) = n**3 - 2*n**2 - n - 9. Give l(4).
19
Let j(r) = -199*r - 5171. Give j(-26).
3
Let u(h) = h**2 - 383*h - 768. Give u(-2).
2
Let m(i) = -12*i - 667. Calculate m(-56).
5
Let u(a) = a**2 - 66*a + 70. Give u(65).
5
Let i(z) = 80*z + 2159. Give i(-27).
-1
Let a(q) = -48*q**2 + 18*q + 39. Give a(-2).
-189
Let u(k) = -5*k**2 + 121*k + 892. What is u(-6)?
-14
Let n(x) = 77*x + 726. Give n(-9).
33
Let r(u) = -u**3 - 98*u**2 - 184*u + 739. Calculate r(-96).
-29
Let p(n) = -36*n - 1738. What is p(-51)?
98
Let t(s) = 235*s**2 + s. Give t(-1).
234
Let a(c) = 2*c**3 + 118*c**2 - 2040*c + 295. Give a(-73).
3
Let y(f) = -f**3 + 4*f - 182. Give y(0).
-182
Let b(m) = m**3 - 13*m**2 + 7*m + 74. Give b(11).
-91
Let z(a) = 54*a**2 + 10*a. What is z(-2)?
196
Let g(s) = 5*s**2 + 467*s + 3018. What is g(-7)?
-6
Let s(t) = -t**3 + 51*t**2 + 49*t + 143. Give s(52).
-13
Let i(p) = -424*p - 451. Calculate i(-1).
-27
Let g(m) = -590*m - 595. Calculate g(-1).
-5
Let v(g) = 2*g**2 - 119*g + 2443. Determine v(20).
863
Let c(a) = -a**2 + 4672*a + 28063. Give c(-6).
-5
Let t(s) = -s**3 + 9*s**2 - s - 20. Determine t(3).
31
Let s(k) = 131*k**3 - k**2 + 6*k - 5. Determine s(1).
131
Let t(k) = k**2 + 310*k + 1875. Determine t(-6).
51
Let h(y) = -y**3 + 3*y**2 - 113*y + 820. What is h(6)?
34
Let y(a) = a**2 - 2*a - 944. What is y(-30)?
16
Let r(j) = j**3 + 11*j**2 + 38*j + 823. Give r(-13).
-9
Let f(d) = 15*d + 107. Calculate f(-4).
47
Let x(j) = -95*j - 187. What is x(-2)?
3
Let k(m) = -m**3 - 15*m**2 + 77*m + 73. What is k(-19)?
54
Let d(i) = i**2 - 4*i. Determine d(8).
32
Let f(i) = -87*i - 12. Calculate f(2).
-186
Let x(l) = 17*l**3 + 2*l**2 + 14*l + 10. Calculate x(-2).
-146
Let b(y) = 20*y - 2622. What is b(127)?
-82
Let j(p) = 78*p**2 - 474*p - 9. Give j(6).
-45
Let z(s) = -631*s + 3795. Calculate z(6).
9
Let x(o) = -o**3 + 37*o**2 + 81*o + 7. Calculate x(39).
124
Let d(l) = l**2 - 115*l + 557. Calculate d(5).
7
Let i(l) = -51*l + 34. Give i(0).
34
Let m(s) = s**3 + 4*s**2 - 4*s + 2. Calculate m(2).
18
Let r(z) = -10*z**2 + 32*z + 26. What is r(-3)?
-160
Let i(r) = -3*r**3 + 266*r**2 + 1503*r + 99. Calculate i(94).
5
Let w(z) = -z**3 - 2*z**2 + 19*z + 739. Calculate w(9).
19
Let i(k) = k**2 + 23*k - 568. What is i(-38)?
2
Let o(g) = -67*g**3 + 10*g**2 - 9*g - 1. Give o(1).
-67
Let f(a) = -32*a - 20. Determine f(-3).
76
Let x(o) = -o**3 - 50*o**2 - 266*o - 46. What is x(-44)?
42
Let z(i) = -6*i**2 - 70*i - 61. What is z(-8)?
115
Let f(n) = -817*n - 8172. Give f(-10).
-2
Let z(m) = 188*m - 4665. What is z(25)?
35
Let p(b) = -251*b + 13057. Determine p(52).
5
Let i(q) = 36*q + 447. What is i(-12)?
15
Let x(z) = z**2 + 22*z - 6. What is x(0)?
-6
Let t(y) = -3*y**3 - 3*y**2 + 3*y - 24. Calculate t(-4).
108
Let f(m) = -m**2 - 5*m + 181. What is f(-18)?
-53
Let b(r) = r**3 + 5*r**2 - 17*r - 9. Calculate b(-8).
-65
Let f(n) = 6*n**3 + 6*n**2 + 75*n + 165. What is f(-2)?
-9
Let u(b) = 38*b + 232. Give u(-6).
4
Let l(f) = -f**2 + 21*f + 328. Calculate l(-11).
-24
Let b(t) = t**2 + 75130*t - 225397. Determine b(3).
2
Let u(s) = -483*s + 1460. Determine u(3).
11
Let b(a) = a**2 + 34*a - 1406. Determine b(-58).
-14
Let q(w) = 5*w**2 - 96*w + 115. What is q(19)?
96
Let r(i) = -17*i**2 + 96*i + 35. Determine r(6).
-1
Let s(i) = -389*i + 17125. What is s(44)?
9
Let k(h) = -6*h**2 + 1218*h + 1225. Give k(204).
1
Let z(p) = 3*p**2 + 11*p + 20. Calculate z(-5).
40
Let s(r) = 2*r**3 + 25*r**2 - 46*r - 24. Calculate s(-14).
32
Let r(f) = 146*f - 1750. What is r(12)?
2
Let f(d) = -172*d - 7721. Calculate f(-44).
-153
Let r(c) = 2*c**2 - 78*c + 410. Give r(33).
14
Let y(v) = v**2 + 19*v - 271. Determine y(9).
-19
Let w(n) = 2645*n - 18513. Calculate w(7).
2
Let a(j) = -2*j**3 + 53*j**2 - 196*j + 86. Calculate a(22).
130
Let m(p) = 179*p - 73. Give m(1).
106
Let p(v) = 50*v - 2272. Give p(44).
-72
Let q(k) = k**3 - 5*k**2 - 10*k + 3. Determine q(5).
-47
Let s(z) = -z**3 - 46*z**2 + 365*z - 309. Calculate s(-53).
9
Let h(o) = 20144*o - 20148. Calculate h(1).
-4
Let x(f) = -135*f - 9049. What is x(-67)?
-4
Let z(d) = d**2 + 45*d - 2809. Give z(35).
-9
Let u(s) = -128*s + 1788. Give u(14).
-4
Let j(p) = -883*p + 19422. What is j(22)?
-4
Let n(l) = -l**3 - 10*l**2 + 3. Calculate n(-4).
-93
Let y(t) = t**3 - 24*t**2 + 130*t - 22. What is y(8)?
-6
Let m(x) = 23*x + 94. What is m(-11)?
-159
Let g(i) = -5*i**2 + 168*i + 60. Give g(34).
-8
Let v(a) = 17*a**2 - 25*a + 85. Give v(4).
257
Let k(m) = m**2 - 33*m + 18. Determine k(34).
52
Let g(k) = k**3 + 6*k**2 + 2*k + 42. Calculate g(-4).
66
Let l(u) = 3*u**3 - 4*u**2 + 3*u + 6. What is l(4)?
146
Let i(g) = 12*g - 204. Calculate i(17).
0
Let z(n) = -3*n**2 - 60*n - 446. Determine z(-8).
-158
Let r(q) = -12*q - 293. What is r(-34)?
115
Let u(x) = 11010*x + 12. Calculate u(0).
12
Let o(t) = t**2 - 323*t + 2488. What is o(8)?
-32
Let j(h) = -1898*h + 3863. Determine j(2).
67
Let b(t) = -384*t - 1568. Determine b(-4).
-32
Let b(s) = -23*s**3 - 3*s**2 + 5*s - 3. What is b(1)?
-24
Let l(f) = -2*f**3 + 8*f**2 + 4*f + 2. Calculate l(4).
18
Let g(v) = -320*v + 1284. Determine g(4).
4
Let v(w) = -2*w**2 - 4010*w + 20085. Give v(5).
-15
Let o(s) = 12*s**2 + 576*s - 31. Calculate o(-48).
-31
Let i(w) = 4*w**3 + 4*w**2 + 8*w + 28. What is i(-3)?
-68
Let n(l) = 2*l**2 + 12*l - 14. Give n(5).
96
Let k(v) = v**3 + 15*v**2 + 43*v + 93. Calculate k(-12).
9
Let o(u) = 1122*u + 12333. Give o(-11).
-9
Let h(r) = -4*r**2 - 52*r - 97. Determine h(-22).
-889
Let m(k) = -17*k**2 - 8*k - 10. Calculate m(-1).
-19
Let v(c) = 163*c**2 + 175*c - 174. Calculate v(1).
164
Let w(k) = 2*k**3 + 17*k**2 + 18*k - 11. Calculate w(-7).
10
Let p(z) = -4*z**2 + 123*z - 53. Give p(31).
-84
Let t(x) = -309*x - 10798. Calculate t(-35).
17
Let r(i) = -2380*i + 161836. Calculate r(68).
-4
Let v(g) = -4*g + 23. Calculate v(13).
-29
Let b(c) = -c**2 - 90*c + 66. Determine b(-91).
-25
Let c(b) = 147*b + 9986. Determine c(-69).
-157
Let p(j) = 3*j**2 - 111*j + 110. Calculate p(1).
2
Let x(z) = -z**2 - 35*z - 239. Determine x(-20).
61
Let j(b) = 397*b - 21454. What is j(54)?
-16
Let m(r) = -4*r**2 + 132*r + 13. What is m(36)?
-419
Let p(i) = 28*i + 76. Give p(0).
76
Let r(j) = 21*j + 773. Give r(-38).
-25
Let i(p) = -68*p + 215. Determine i(3).
11
Let z(l) = -3*l**3 + 149*l**2 + 35*l + 868. Calculate z(50).
118
Let q(d) = -3*d**2 - 34*d - 45. Give q(-10).
-5
Let f(r) = -3*r**2 + 45*r - 83. What is f(17)?
-185
Let j(y) = y**3 - 17*y**2 - 39*y + 28. Determine j(19).
9
Let v(y) = -y**3 - 28*y**2 + 7*y - 